 19771.
17
Calculate the highest common divisor of 108460 and 2059145.
1595
What is the greatest common divisor of 8546476 and 12416?
388
What is the greatest common factor of 19168415 and 560?
35
What is the highest common factor of 2012 and 10026802?
1006
Calculate the highest common divisor of 23104 and 302138.
38
What is the highest common factor of 185805389 and 1862?
133
Calculate the highest common divisor of 776 and 441965174.
194
Calculate the greatest common divisor of 648 and 41310018.
18
Calculate the highest common divisor of 9 and 11021793.
3
What is the greatest common factor of 256656 and 10272?
48
What is the greatest common factor of 213251 and 428?
107
Calculate the greatest common factor of 608 and 391450464.
608
Calculate the greatest common factor of 84296011 and 3799.
3799
What is the greatest common divisor of 24385471 and 11?
11
What is the greatest common divisor of 47880 and 158880?
120
What is the highest common factor of 36212 and 345928?
44
What is the greatest common factor of 37572663 and 2611?
373
What is the highest common factor of 676685 and 7543?
19
Calculate the highest common divisor of 3589002 and 486.
54
What is the greatest common divisor of 1005829 and 26169?
671
Calculate the highest common divisor of 5722182 and 18.
18
What is the highest common factor of 132 and 4184235?
33
Calculate the greatest common factor of 30135 and 162435.
735
Calculate the highest common factor of 5513552 and 256.
16
What is the greatest common divisor of 113777450 and 30?
10
What is the greatest common factor of 69090 and 323106?
294
What is the highest common factor of 76161452 and 4?
4
Calculate the greatest common divisor of 3 and 21904008.
3
Calculate the highest common divisor of 342054 and 6.
6
Calculate the highest common divisor of 95 and 36863971.
19
What is the greatest common factor of 13927498 and 182?
26
What is the greatest common divisor of 9 and 214269687?
9
Calculate the greatest common divisor of 3683 and 919030039.
3683
Calculate the greatest common factor of 2676 and 59764.
892
Calculate the greatest common factor of 96126 and 197881.
433
Calculate the highest common factor of 17678077 and 71.
71
Calculate the highest common divisor of 9173645 and 12947.
107
What is the greatest common factor of 21468336 and 48?
48
Calculate the greatest common factor of 170715 and 45814515.
8985
Calculate the greatest common divisor of 2758 and 3768019.
197
Calculate the greatest common divisor of 50042872 and 1298.
22
Calculate the highest common factor of 25955064 and 10184.
152
Calculate the highest common divisor of 167 and 25840077.
167
What is the greatest common factor of 125 and 469970?
5
Calculate the greatest common factor of 554 and 362213787.
277
What is the highest common divisor of 1644588281 and 35756?
8939
What is the greatest common divisor of 163096 and 9280?
232
What is the greatest common divisor of 5504658 and 258?
6
What is the highest common factor of 104596216 and 4864?
152
Calculate the highest common divisor of 3 and 10021386.
3
What is the highest common factor of 78230922 and 693?
231
Calculate the greatest common factor of 3490416608 and 5032.
5032
Calculate the highest common factor of 3444 and 479618.
82
Calculate the greatest common divisor of 6 and 3335361.
3
Calculate the greatest common divisor of 700557 and 8723.
143
Calculate the greatest common divisor of 66348 and 442514.
194
What is the highest common divisor of 92 and 36335860?
92
Calculate the highest common divisor of 746931 and 360084.
2433
Calculate the greatest common factor of 284748 and 3353180.
1556
What is the highest common factor of 2 and 797009?
1
What is the highest common divisor of 2427 and 944013?
3
Calculate the highest common factor of 60681243 and 16668.
1389
What is the greatest common factor of 303997980 and 1980?
660
Calculate the highest common divisor of 1615008 and 128.
32
Calculate the highest common factor of 37552106 and 35874.
3986
Calculate the greatest common factor of 472413 and 17799.
51
What is the greatest common factor of 57350 and 21297?
31
Calculate the highest common factor of 24 and 22405764.
12
Calculate the highest common factor of 26143583 and 1.
1
Calculate the greatest common factor of 340966438 and 38.
38
What is the greatest common divisor of 200090 and 167365?
935
What is the highest common factor of 4235 and 4638095?
385
Calculate the greatest common factor of 2873712 and 3439.
19
Calculate the highest common factor of 18096774 and 666.
222
Calculate the greatest common divisor of 194 and 90010.
2
Calculate the greatest common divisor of 39496921 and 1726.
863
What is the highest common divisor of 11358047 and 797?
797
What is the highest common factor of 54837155 and 15?
5
What is the greatest common divisor of 43 and 2003870004?
43
Calculate the highest common factor of 4102490 and 3024595.
3605
Calculate the highest common divisor of 495 and 14490315.
45
What is the highest common factor of 22536 and 2977272?
72
What is the highest common factor of 8472 and 359432013?
1059
What is the greatest common divisor of 636185 and 1896730?
2365
What is the highest common divisor of 67981802 and 182?
14
Calculate the greatest common divisor of 536 and 10076063.
67
Calculate the highest common divisor of 1565 and 854283420.
1565
Calculate the highest common divisor of 346704163 and 871.
871
Calculate the greatest common divisor of 4160 and 4598945.
65
Calculate the greatest common divisor of 11440865 and 80.
5
Calculate the greatest common factor of 63668808 and 7616.
952
What is the greatest common divisor of 127 and 50510821?
127
What is the greatest common factor of 257108 and 87210?
646
What is the highest common divisor of 98575 and 487225?
25
What is the highest common factor of 368949 and 366?
3
Calculate the highest common divisor of 11978 and 1215502.
106
What is the highest common divisor of 7396046 and 42?
14
Calculate the greatest common divisor of 400114 and 821213.
1399
What is the greatest common factor of 196457 and 7169297?
2767
What is the greatest common factor of 7648 and 66288084?
956
What is the highest common divisor of 6219170 and 712388?
1138
What is the highest common factor of 115 and 7946655?
5
What is the greatest common divisor of 912 and 31034144?
304
Calculate the highest common divisor of 21745 and 105467599.
4349
What is the greatest common factor of 1794 and 6467646?
138
Calculate the highest common factor of 16052641 and 748.
187
Calculate the highest common factor of 9358722 and 13019.
277
What is the highest common factor of 1432314 and 2925?
117
What is the highest common divisor of 22412842 and 5017?
173
What is the highest common factor of 7943411 and 3178?
1589
Calculate the greatest common factor of 4280 and 839716740.
2140
Calculate the highest common factor of 903647851 and 2116.
529
Calculate the highest common divisor of 4100 and 21896870.
410
What is the highest common divisor of 10137 and 9552978?
327
Calculate the highest common divisor of 39512344 and 1196.
92
Calculate the greatest common divisor of 32978 and 70048.
22
What is the greatest common divisor of 369443 and 299720?
127
What is the highest common divisor of 349575 and 122425?
1475
Calculate the highest common factor of 45974 and 105410.
254
Calculate the greatest common divisor of 4440 and 162329064.
888
Calculate the greatest common divisor of 17870845 and 185.
5
What is the greatest common factor of 3458 and 376796?
14
What is the greatest common factor of 29835 and 3157920?
2295
Calculate the highest common factor of 16684992 and 2304.
576
Calculate the highest common factor of 1575 and 1672020.
315
What is the highest common divisor of 488 and 164307404?
244
Calculate the highest common divisor of 9 and 68504256.
9
What is the greatest common factor of 139668 and 3096?
12
What is the greatest common divisor of 655 and 980666?
131
What is the greatest common factor of 120936 and 147480?
24
What is the greatest common factor of 26392449 and 34?
17
What is the highest common divisor of 23625 and 444690?
135
What is the highest common factor of 550781529 and 2532?
633
Calculate the greatest common factor of 3928502 and 2827.
257
Calculate the greatest common factor of 232